1
8
What is (2 - 3 - -7) + -1?
5
What is 0 + 0 + (1 - -4 - 9)?
-4
What is the value of (-12 - (-14 + 4)) + -6?
-8
Calculate -4 - (-20 - -17 - (-7 - 0)).
-8
Calculate -12 + 9 + 0 + 0.
-3
What is -6 + -6 + 3 + 0?
-9
What is the value of -15 + 16 - (-7 - 0) - 19?
-11
Evaluate (6 - (-2 + 7)) + (-3 - 0).
-2
Calculate -1 + (-3 - -5) + 2.
3
4 - (5 + -2 + -2 + 1)
2
Evaluate 29 - 25 - (3 - 0).
1
What is the value of (-3 - (-11 - -7)) + 9?
10
Calculate (-1 - (-2 + 4 - 3)) + 4.
4
Calculate 3 + -5 + 8 + -9.
-3
Calculate (-4 - -1) + -4 + (-6 - -13).
0
What is 4 + (8 - (12 - 6)) - 10?
-4
Calculate 5 - 0 - (20 + -14).
-1
What is the value of -10 - -2 - (-8 - -4)?
-4
Calculate -27 - -29 - (1 - 0).
1
(1 + -5 - -2) + 0 + 7
5
Evaluate -4 - (-9 + 5 - (-3 - -1)).
-2
Evaluate 1 + 2 + -13 + 12.
2
(2 - -4 - 3) + (2 - 1)
4
Evaluate -7 - ((-1 - 3) + 3) - -2.
-4
Calculate -1 + 7 + (-2 - 0).
4
Calculate (3 - 2) + -2 + -2 + -2.
-5
What is the value of 3 + -11 + (7 - -2) - 9?
-8
What is -5 + (7 - 4) + 0 + 11?
9
What is the value of -3 + 5 + 17 + -14?
5
What is 1 - -2 - ((-2 - 4) + 13)?
-4
-5 - (1 + 0) - -3 - 1
-4
What is 16 - (3 + 21) - (-1 + 0)?
-7
Evaluate -6 + 13 + 2 + -4.
5
Evaluate -2 - ((-3 - -2) + 4).
-5
What is -3 + 2 + -1 + 3?
1
What is the value of -4 + 4 - 2 - 0?
-2
Calculate -5 + 6 + (-6 - -5).
0
What is 1 + -5 + -1 - -2?
-3
What is (-1 - -2) + 0 + 177 + -183?
-5
Calculate -7 + 13 - (9 - -2) - -12.
7
Evaluate (-13 - -23) + -15 + (-1 - -7).
1
Evaluate 3 + 0 - ((-4 - -5) + -2).
4
2 + 0 - (3 - -2 - 6)
3
Calculate -1 + 1 + 1 + 0 + 4.
5
What is the value of -115 - -117 - (1 + (0 - -2))?
-1
(12 + -9 - -2) + 1 + -3
3
What is -2 + 2 + -1 + 4?
3
What is 6 + (-1 - (10 - 5)) - 3?
-3
What is the value of 17 + (9 - 15) + -15?
-4
What is 5 + (-1 - (3 + 5)) - -3?
-1
What is 6 - (6 + -2 - -1)?
1
2 + 8 + -2 - (-10 - -14)
4
Calculate -4 + (-1 - -2) + -3 + 5.
-1
Calculate 0 + 2 + -3 + -1.
-2
What is the value of 9 + -7 + 3 - 7?
-2
Calculate 3 + -5 + 3 + 0.
1
Evaluate 7 - (17 - 0) - -4.
-6
What is the value of 7 - (-2 - (-3 + -1))?
5
What is -7 - (4 - (4 + 2))?
-5
What is the value of (4 + -3 - (-1 - -2)) + 0?
0
What is the value of (0 - -3) + (-3 - (-4 - -5))?
-1
3 + 0 - -5 - -1
9
What is the value of 1 + -11 + 1 + 3 - -8?
2
Evaluate -3 + -1 + (-1 - (0 + -1)).
-4
Evaluate 3 + (-4 - 7) - -5.
-3
What is 2 - (0 - 2) - 1?
3
7 + (8 - 8) + -7
0
3 + -1 + -7 + 4
-1
Calculate -1 + 15 - (5 - (-9 + 8)).
8
What is the value of (2 + -1 - -10) + -14?
-3
-4 - (7 - 4) - -12
5
3 - (0 - -2) - (2 + -7)
6
Calculate -9 + 3 + 2 - 0.
-4
What is 3 - (-1 - (-6 - 1))?
-3
Evaluate 6 + (-12 - (1 - 7)).
0
Calculate -1 + -4 + 4 + 4 + -5.
-2
What is (0 - -1 - -2) + -14 + 14?
3
What is -4 + (1 - (9 + -6)) + -2?
-8
Calculate 4 - ((3 - 2 - -1) + 3).
-1
Evaluate 4 + 3 + (-3 - -1).
5
Evaluate -1 + 0 + 7 + (-48 - -43).
1
What is 3 - (6 - (1 - 3))?
-5
Calculate 1 + -4 + -4 + 7 - 0.
0
-24 - (10 - (26 + -2))
-10
-8 - (-1 - 5 - 1)
-1
What is -1 + -4 + (1 - -9) + -6?
-1
Evaluate 16 + 5 + -11 + -4 + -12.
-6
Calculate (-6 - (1 - 1)) + 3 + 3.
0
What is 3 - (-2 + (1 - (-2 + 1)))?
3
Evaluate 2 + -7 + 15 + 1.
11
3 + -6 + 2 + 1
0
(2 + 0 + -7 - -4) + -1
-2
Evaluate 13 - 8 - 0 - 1.
4
What is the value of -10 - -6 - (2 + -1)?
-5
What is the value of 0 - ((-2 + 1 - -9) + -3)?
-5
Calculate 1 + (1 - (-4 - -5)).
1
Calculate -4 + 6 + (4 - 5) - -3.
4
What is the value of -11 + -2 - ((-5 - 2) + 2)?
-8
Calculate 2 - -3 - -1 - (5 + -3).
4
What is 5 + (-4 + 0 - -1)?
2
6 + 0 + -4 - (2 + -5)
5
Calculate -3 - (4 - (-5 + 11) - 5).
4
Evaluate (9 - (-16 - -19)) + (-11 - 1).
-6
What is -4 + 2 - (-10 + 11)?
-3
Calculate -6 - (0 + -1 + -8).
3
Evaluate (-1 - (1 - -1)) + 74 + -72.
-1
What is (-1 - (-6 + 0)) + (137 - 137)?
5
What is the value of -11 + 2 + -27 + 33?
-3
What is 7 + (-3 - 4 - -4)?
4
Calculate 4 - ((-1 - -2) + 1).
2
Evaluate -4 - (-2 + 4 - 0) - -9.
3
-5 + -2 + 3 - -5
1
What is (-3 - (-3 + 5)) + (3 - 3)?
-5
What is 0 + (-2 - -1 - (-10 + 3))?
6
Calculate 8 + -2 + -36 + 22 + 18.
10
Calculate -5 - (4 - 1) - (-8 - -3).
-3
-2 - -2 - (1 + 0 + -3)
2
What is -5 + (11 + -10 - 3)?
-7
What is 1 + 0 + 0 + -6 - -1?
-4
Evaluate -1 + (-4 - -14) + -6.
3
Calculate (22 - (12 + -9)) + -11.
8
(1 - -1) + 3 + (-3 - -3)
5
Evaluate 3 + -1 + -3 - -2 - -1.
2
What is (-12 - (-6 + -4)) + 10?
8
Evaluate -5 + (-1 - -3 - -2).
-1
Evaluate 2 - (-1 + -2 + 0).
5
Evaluate -3 - -8 - ((-1 - -9) + 6).
-9
What is the value of 0 + -4 - (3 + -4 + 1)?
-4
Calculate (4 - 0) + -9 - -4.
-1
1 + -3 + 8 + -3
3
Evaluate 1 - 7 - -9 - 4.
-1
What is 4 - (-4 - -11 - 2)?
-1
What is the value of (-1 - 1) + 1 + -4?
-5
What is the value of (3 - 7) + (-1 - (2 - -2))?
-9
What is the value of -1 + (3 - -3) + -2 - 8?
-5
What is the value of (0 - 0) + (-14 - -14)?
0
What is 3 - 13 - -6 - -2?
-2
What is the value of (-1 + 7 - (14 - 7)) + 4?
3
Calculate (22 - 11) + -2 + -15.
-6
Evaluate 3 - 6 - ((-5 - -2) + 1).
-1
What is the value of 1 - (7 + -3) - (-2 + 0)?
-1
Evaluate 11 - (-5 + -1 + 8).
9
Calculate -2 - (2 + 1 - (1 + 9)).
5
Evaluate (-2 + -2 - (-29 + 31)) + 15.
9
What is the value of 4 + -8 + 4 + 0?
0
What is the value of ((-13 - -7) + 6 - -5) + -2?
3
Evaluate -2 - (0 - (0 + 2)).
0
Evaluate -4 + (-8 + 3 - -10).
1
Calculate (3 + 2 - 3) + (1 - -1).
4
-13 - -3 - (-5 + 4)
-9
What is -2 - (5 + -7 - -3) - -9?
6
What is the value of -8 - -10 - ((-2 - -7) + -1)?
-2
What is 1 + (-13 - -11) + 11?
10
What is (-8 - (1 + -13)) + 2?
6
What is -2 - (-6 + 2 - (1 - 5))?
-2
-2 + 1 - (7 - (18 + -12))
-2
-7 - (1 - (-3 - -9))
-2
What is -2 + -4 + 2 - -2 - 3?
-5
What is -1 - -6 - (0 + (-1 - -1))?
5
-7 + -4 + -1 - -11
-1
Calculate -7 - ((-2 - -11) + -27 + 20).
-9
What is the value of -5 - (-10 + (9 + 0 - 3))?
-1
4 + 6 + -13 - 2
-5
Calculate 5 - (-1 - (1 + -2) - -6).
-1
Evaluate (9 - 3) + -3 - 4.
-1
Calculate 5 + (2 - (0 - -5) - -1).
3
Evaluate 0 + -4 + (2 - -2) + -2.
-2
What is the value of -8 + 3 - -7 - -2?
4
-12 + 5 + 0 - (1 + 0)
-8
Evaluate -4 - ((-15 - -6) + 5 + 0).
0
What is the value of -5 + 2 + -3 - -3?
-3
Evaluate 17 + -18 + 0 + -1.
-2
Evaluate -1 + -21 + 24 - (3 + 1).
-2
Calculate 11 - ((0 - 2) + -4 + 11).
6
Evaluate (-6 - -16) + 6 + -8.
8
Evaluate -2 - 4 - (-2 + 0) - -6.
2
What is the value of -3 + 3 + (-6 - -3 - -8)?
5
Calculate 5 - (-10 + 3) - 1.
11
Calculate 2 + 0 + -4 + (3 - 0).
1
What is the value of 11 - (9 - (-2 - (-3 - 3)))?
6
Calculate 1 + 4 - (6 - 0).
-1
What is the value of 0 - (2 + 0 - -2)?
-4
-2 + (2 - 5) + 3
-2
What is the value of -3 + (0 + -4 - -5)?
-2
What is the value of -5 + 8 + (1 - (-1 + 4))?
1
What is -2 + -3 + (25 - 21)?
-1
What is the value of -2 + 9 + -5 + -6?
-4
What is the value of (2 - 6) + 8 + -2?
2
What is (-3 - -2 - 2) + 1?
-2
2 + 2 + -2 + (-4 - -1)
-1
Calculate 5 + 11 + -17 + (-1 - -1).
-1
Calculate 3 + 70 + -67 + 0 + -7.
-1
Evaluate 1 + -4 - (-12 + (-8 - -12)).
5
Evaluate -9 - (5 + 4 - 12).
-6
Calculate -16 + 14 - (-1 - (-1 + 6)).
4
(119 - 115) + (-6 - 0)
-2
-3 - (-2 + -3 + 2 + -5)
5
6 + (-3 - -3) + -2
4
0 + 2 + -2 + 1
1
What is the value of -2 - (-1 - -3) - (4 - 2)?
-6
Evaluate -11 - (-13 - (-3 + -3)).
-4
Calculate 3 + (9 - 3 - 3) + -1.
5
What is the value of 5 + 7 + (-13 - 7)?
-8
What is (-8 - -18) + -16 + 3?
-3
What is -3 - (-11 + 0 + 6)?
2
Calculate -1 + (-4 - (-12 + 7) - -6).
6
Calculate 18 - 14 - (2 - (-1 + 1)).
2
Calculate (0 - (-6 - -3) - 1) + 6.
8
1 + -7 + 5 - -7
6
What is the value of (-3 - (-1 + -1 + -1)) + 1?
1
What is the value of -1 + 1 + 8 - 7?
1
Evaluate 2 + -1 + -1 - 3.
-3
Evaluate -28 - -27 - (-5 + -1).
5
What is -4 - ((0 - 1) + 4 + -3)?
-4
-1 + -5 + 5 + 7 + -6
0
Evaluate -5 - (-3 + 2 + -8).
4
What is -2 - ((3 - 9) + (-7 - -7))?
4
What is (4 - 6 - (-8 + 3)) + -3?
0
What is (6 - -2) + (-9 - -4)?
3
Evaluate (0 - (-6 - -1)) + (10 - 11).
4
-9 - (-8 + -4 + 3)
0
Calculate -10 + (3 - 4) + 9.
-2
Evaluate -14 + (1 + 10 - 2).
-5
Evaluate 3 - (6 - 4 - (5 - 8)).
-2
What is the value of 4 + (-12 - (-12 + 7)) + 9?
6
Evaluate -1 - (2 + -4 + 4 - -1).
-4
What is -2 - (1 - (-1 - 2 - -2))?
-4
Evaluate (3 - 4) + 2 + -1.
0
Calculate 2 - (-8 + 4 + 4).
2
Evaluate (-18 - -19) + 2 + 1.
4
What is (4 - (-1 + 4)) + (-5 - -4)?
0
(3 - 1) + 0 - (2 - 4)
4
What is the value of -4 + -4 + 1 + (18 - 12)?
-1
Evaluate -9 - 1 - -5 - -10 - 7.
-2
Evaluate 5 + (6 - (11 - -4 - 5)).
1
Evaluate (4 + 3 +